ose 13 = n*k - 11. Calculate the remainder when k is divided by 3.
0
Suppose -3*u + 4 = -5, -4*c + 25 = -u. Suppose 4*s + 21 = c*s. Suppose -5*k = -3*r + 80, 3*r + s*k - 100 = 2*k. What is the remainder when r is divided by 18?
12
Let s(b) = 29*b + 1108. What is the remainder when s(-33) is divided by 7?
4
Suppose 0 = -2*s + 97 + 223. Calculate the remainder when s is divided by 74.
12
Let v(q) = -54*q + 10. Let m be (-4 - -1)*((-100)/(-15) + -6). What is the remainder when v(m) is divided by 8?
6
Let y(q) = 2*q + 10. Let h be y(3). Suppose 45 = h*r - 13*r. Let m(x) = x**3 - 4*x**2 - 3*x - 2. What is the remainder when r is divided by m(5)?
7
Suppose -76*b = -99*b + 2139. What is the remainder when 464 is divided by b?
92
Calculate the remainder when 22 is divided by (-164)/(-18) + (-6 + -3)/81.
4
Calculate the remainder when (-2105)/(-2)*1392/1160 is divided by 421.
0
Let a(r) = -2*r**2 - 110*r + 123. Calculate the remainder when 61 is divided by a(-56).
6
Let o = -7 - -21. Let u(b) = -92*b - 1348. Calculate the remainder when u(-16) is divided by o.
12
Suppose y + 2 + 8 = 0. Suppose 0 = -180*l + 38*l + 1461 + 2657. Let m = y + l. What is the remainder when 29 is divided by m?
10
Let a = 3269 - 3087. Calculate the remainder when a is divided by 87.
8
Let n be (704/20)/((-8)/40). Let u = -160 - n. Calculate the remainder when 25 is divided by u.
9
Suppose 35 - 43 = -u. What is the remainder when (-25)/(-2) + 2/4 is divided by u?
5
Suppose r + 2*j = 6908, 7*r + 240*j - 48291 = 239*j. What is the remainder when r is divided by 138?
136
Let w(b) = -b + 5. Let p be w(0). Suppose 4*f = p*s + 209, -50 = -f - s + 3*s. What is the remainder when f is divided by (57/3)/(-1 - (-4)/2)?
18
Suppose 0 = -4*v - 2*m + 638 + 694, 0 = -2*v - 2*m + 666. Calculate the remainder when v is divided by 53.
15
Let a = -15 - -9. Let j(b) = -56*b**2 + 339*b - 14. Let u be j(6). Calculate the remainder when 29 is divided by u/7 - a*160/84.
5
Suppose 3*z = -2*z + 3*f + 477, 2*f = z - 94. Let g = -187 + 349. Let o = g - z. Calculate the remainder when o is divided by 17.
15
Suppose 0 = 2*i + 2*x - 4*x - 74, -x = i - 27. Let n = i - 21. Let a = 256 - 192. What is the remainder when a is divided by n?
9
Let y(w) = -19*w + 117. Let a be y(8). Let o = 141 + a. Calculate the remainder when o is divided by 36.
34
Suppose -1161*k + 1182*k = 3696. Calculate the remainder when 1439 is divided by k.
31
Suppose 0 = -257*k + 260*k - 459. Suppose -8*t = -5*f - 5*t + 263, 0 = -3*f - 3*t + k. Calculate the remainder when 155 is divided by f.
51
Suppose 31 = 5*o - 3*q - 592, -5*o - q = -639. Suppose 2*u = 3*u - 2*j - 28, -4*u - 4*j + 136 = 0. Calculate the remainder when o is divided by u.
31
Let p = -1552 - -1558. Suppose -3*s - 2*s = -535. What is the remainder when s is divided by p?
5
Suppose -220 = 7*s - 12*s. Suppose s*u + 2107 = 51*u. What is the remainder when u is divided by 14?
7
What is the remainder when ((-61)/(-4))/(21 + 8799/(-420)) is divided by 44?
41
Suppose q - 4*k - 73 = 0, 3*q = -12*k + 17*k + 233. Let f be (492/(-21))/((-6)/21). Let i = f - q. Calculate the remainder when 1 is divided by i.
0
Let f(s) be the second derivative of s**4/12 - s**3/3 + 79*s**2/2 - 123*s. Calculate the remainder when f(8) is divided by 8.
7
Let f be ((-2)/4)/(2/4) + 1246. Suppose -f = -25*w + 10*w. Calculate the remainder when w is divided by 28.
27
Let z(t) = 4*t - 4. Suppose -5*s + 0*s = 10. Let f be ((-36)/(-63))/(s/(-7)). What is the remainder when 27 is divided by z(f)?
3
Let p = -127 + 115. Let c(i) = i + 24. Suppose -5*l + 7*l - 86 = 0. Calculate the remainder when l is divided by c(p).
7
What is the remainder when 3/(-7*54/(-239778)) is divided by 18?
13
Let q(b) = -2*b**2 + b - 4. Let u be q(6). Let r be (-2 - (-10)/4)/((-2)/(-40)). Calculate the remainder when 75 is divided by (6 - u)*(r/4)/5.
37
Let u(i) = i**3 - 10*i**2 + 8*i. Let y be u(10). Suppose -2*q + y = -6. Let s = 1013 - 1008. Calculate the remainder when q is divided by s.
3
Let x(k) = 5*k**2 + 3*k + 7. Let d be x(-4). Suppose d = -3*a + 18*a. Calculate the remainder when 14 is divided by a.
4
Suppose -2*b = 2*b - 12. Suppose 2*r + r = b*o + 603, -2*o + 192 = r. Suppose -6*l + r + 24 = 0. What is the remainder when 110 is divided by l?
36
Let g(b) = -b**3 - 3*b**2 + 5*b - 66. Suppose 0 = 4*c - 8 - 0. Suppose 0 = c*i - 4 - 4. What is the remainder when g(-6) is divided by i?
0
Calculate the remainder when (1264/(-96)*8)/(4/(-33)) is divided by 5.
4
Suppose -19*q = 13*q - 12*q - 9220. Calculate the remainder when q is divided by 157.
147
Suppose -20 = -23*c + 27*c. Let f = c + 5. What is the remainder when 110 is divided by (f + 24)/(((-105)/(-10))/7)?
14
Calculate the remainder when 436 is divided by 49*(5 - 4/1).
44
Suppose -d = -4*s - 252, 4*s = 3*d - 996 + 280. What is the remainder when d is divided by 24?
16
Suppose 157*c - 845 = 156*c. Suppose 185*n - c = 184*n. What is the remainder when n is divided by 94?
93
Suppose -6*t + 75 = 27. Suppose 30 = w - 5*a, 2*w - 4*a = -w + 79. Suppose 6*r - r = w. Calculate the remainder when t is divided by r.
3
Let v(m) = -m**3 + m**2 + 8*m + 2. Let b = 2617 - 1720. Calculate the remainder when b is divided by v(-4).
47
Suppose -f - 3*k + 991 = 0, 2526 = 5*f - k - 2429. Calculate the remainder when f is divided by 14.
11
What is the remainder when 2696 is divided by -9 + (16 - (-5486)/91) + 4/(-14)?
16
Let j = -148 - -160. Let k = j - -37. Calculate the remainder when 134 is divided by k.
36
Let o be ((-56)/(-70))/(1/((-55)/(-2))). Suppose -o*w = -18*w + 108. What is the remainder when 1*(-2 + -1 + -1)*w is divided by 37?
34
Let q(c) = 82*c - 1809. Calculate the remainder when q(82) is divided by 149.
147
Suppose -58984*p + 58993*p = 324. Suppose 4*l - 4 = 4*b, 3*b = b + 5*l - 14. Calculate the remainder when p is divided by b.
0
Let u(r) = r**2 + 28*r - 2154. Calculate the remainder when 310 is divided by u(36).
10
Suppose -3*u = -126 + 42. Suppose 0 = -3*v - 5*z + 138 - 0, -2*z + 198 = 4*v. Calculate the remainder when v is divided by u.
23
Suppose 2*s - 1283 = -35*b + 36*b, s = -4*b + 673. Calculate the remainder when s is divided by 78.
21
Let h(n) = -346*n - 2993. Calculate the remainder when h(-9) is divided by 55.
11
Suppose -8187 - 3701 = -60*r - 2348. Calculate the remainder when 633 is divided by r.
156
Let b = -387 - -185. Let q = b + 214. What is the remainder when 58 is divided by q?
10
Let r(a) = -a**3 - 7*a**2 - 18. Let l be r(-9). Suppose -2*v + l = -542. Suppose 12*q - 1853 - v = 0. What is the remainder when q is divided by 37?
35
Let c = 11 - -2. Suppose 0 = -2*q + 21 - 5. Let a(g) = -g + 11. What is the remainder when c is divided by a(q)?
1
Let w(k) = -86*k - 92. Let j be w(-14). Suppose 3*q + 155 = -2*m + j, -5*m = 2*q - 2365. Calculate the remainder when m is divided by 79.
76
Calculate the remainder when (-131)/(-4) + 2/8 is divided by (4 + -21 + (7 - 8))/(-2).
6
Suppose 75*i + 12800 - 57732 = -19*i. Calculate the remainder when 958 is divided by i.
2
Calculate the remainder when (-4)/14 - 108/1512*9556/(-2) is divided by 111.
8
Let l = -7927 - -7974. Calculate the remainder when 321 is divided by l.
39
Let j be ((-12)/(-9))/((-10)/1275). Let i = 221 + j. Calculate the remainder when i is divided by 19.
13
Let q(a) = 2*a - 45. Suppose -4*h + 168 = 4*h. Let n be q(h). Calculate the remainder when (17 + 1)*(-4)/n is divided by 9.
6
Suppose 7*q + 2975 = 2*q. Let w = -474 - q. Calculate the remainder when w is divided by 18.
13
Suppose 28*l - 25*l = -2*x + 260, -5*x = -2*l - 631. What is the remainder when 371 is divided by x?
117
Suppose -5*m = 15, -4*w = -2*m - 22 + 8. Let x be -14*((-15)/w + 5). Let n = 41 + x. Calculate the remainder when n is divided by 16.
12
Let k be (-8 - -11)/((-2)/(-22)). Suppose -154 - 143 = -k*n. What is the remainder when 42 is divided by n?
6
Let l = 231 - -269. Let z = l - 330. What is the remainder when z is divided by 35?
30
Let t = 83655 - 83646. Calculate the remainder when 1*247 + 2 + 2 is divided by t.
8
Let l(f) = -2*f - 32. Let w be l(-11). Let u(j) = j**2 + 9*j + 2. What is the remainder when 23 is divided by u(w)?
11
Calculate the remainder when 493 is divided by -6 + (-214)/6*(-55 - -52).
89
Suppose -t + 2847 =